ve of 1/6*r**3 + 2*r + h + 7*r**2. Determine g(-13).
1
Let d(q) = 2*q**2 - 4*q + 4. Let p be d(3). Suppose -22*r - 12 - p = 0. Let j(f) = -8*f**3 - f**2. Determine j(r).
7
Let y = -3 + 3. Let h(g) = -g**2 - 64*g + 2648 + 3*g**2 - 2654 + 63*g. What is h(y)?
-6
Let a(m) = -m**3 - 2*m**2 + 2. Suppose -4*i + 113 = -423. Suppose u - 2*b - 20 = 0, -4*u - b - 36 + i = 0. Let n be (-32)/u - 1/(6/4). Determine a(n).
2
Let x(k) = -17*k**2 + k + 3. Let o(v) = -21*v**2 + 3*v + 5. Let t(y) = -2*o(y) + 4*x(y). Determine t(1).
-26
Suppose 2*t = -5*c + 167, -6*c = -10*c - 2*t + 132. Let b(p) = -30 + p - 4*p**3 + 67 - 2*p**2 + 3*p**3 - c. Calculate b(-2).
0
Let h(s) = 115*s**2 - 16*s + 1. Let u(t) = 96*t**2 - 15*t + 2. Let j(g) = -5*h(g) + 6*u(g). Determine j(10).
7
Let x(r) = 2*r**2 + 305*r - 243*r - 11 + 50. What is x(-31)?
39
Let z be ((-15)/(-20) - 1/(-4))*2. Let h(m) = -m + 2*m**2 - m**2 - 7 + 1. Let t be h(z). Let x(r) = -4*r. What is x(t)?
16
Let p(b) be the third derivative of 0 - 1/120*b**6 + 1/12*b**5 - 5/6*b**3 + 0*b + 1/4*b**4 - 11*b**2. Let s be (-1 - -3) + 0 + 4. Give p(s).
-5
Suppose 8*f = 12*f - 8. Let v(h) = 1 + h**f + 8*h**3 + h**3 + 7*h**3 + 2*h. Let u = 303 + -304. Give v(u).
-16
Let d(q) be the first derivative of -14*q - 34 - 1/3*q**3 + 0*q**2. Calculate d(0).
-14
Let h(w) be the first derivative of -w**3/3 - 3*w**2/2 + 9*w + 1. Suppose -165*g - 84 = -9*g + 696. Calculate h(g).
-1
Let a(i) be the second derivative of -35 - 1/2*i**3 - i - 3/2*i**2. Calculate a(-5).
12
Let j(f) = f**2 - f - 4. Let k be (-2)/3*-3 - 43. Let c = 480 + -439. Let b = c + k. Give j(b).
-4
Let x(d) = -11*d**2 + 3*d**2 - 8905*d**3 + 15 + 8904*d**3 + 14*d. Determine x(-9).
-30
Let j(t) be the second derivative of 7*t**3/6 - 2*t**2 + 2*t. Suppose -2*k - 9 = -5*k + 3*y, -k + 3 = 5*y. Suppose -7*a + z - 5 = -4*a, k*z = -12. What is j(a)?
-25
Let b = 82 + -80. Suppose -i = b, 0 = -0*v + 5*v + 4*i + 38. Let o(f) = -6*f**2 + f**3 + 7 + 2*f**3 + 13*f**2 - 2*f**3 + 5*f. Determine o(v).
13
Let z(b) = -2*b**2 - 6*b + 37. Let a = 10302 + -10299. Determine z(a).
1
Let c(q) be the first derivative of q**4/4 + 8*q**3/3 + 3*q**2/2 - 10*q + 3. Let t = -4546 - -4539. Calculate c(t).
18
Let r(a) = -3*a**3 + 2*a**2 + a. Let b be (-10)/(-4)*220/275. Give r(b).
-14
Let f(t) = t**3 - 2*t**2 + t + 2. Let l(u) = u**3 - 10*u**2 + 2*u - 16. Let y be l(10). Let g(s) = -12*s + 52. Let z be g(y). Let w = z - 2. Give f(w).
4
Suppose 27 = -10*n - 173. Let p(l) = 12*l + 234. What is p(n)?
-6
Let k(m) = 3*m - 6*m + 4*m - 1. Let a(x) = -3*x**3 - 3*x**2 + 2*x - 4. Let l(q) = 23*q + 141. Let r be l(-6). Let j(w) = r*k(w) - a(w). Determine j(-2).
-13
Suppose 3*r = -5*y + 29, 3*r + 3*y - 19 = 2. Suppose -3*a - 144 = 2*b, -2*b - r*b = 0. Let t = 42 + a. Let x(s) = s**3 + 5*s**2 - 4*s - 3. Calculate x(t).
-15
Let c be 22/14 + 2/21*-6. Let f be ((c - -1)/4)/(5/(-60)). Let j(d) = d**2 + 6*d. Calculate j(f).
0
Let f be -3 - 58 - (1 - (-2)/2). Let d = f - -65. Let x(z) = -6*z + 6*z + 9*z. Calculate x(d).
18
Let c = 164 + -233. Let y = c + 71. Suppose 23*g - 22*g - y = 0. Let i(v) = -v**3 + 2*v**2 - 2*v + 3. Give i(g).
-1
Let c = -132 + 224. Suppose -2*k + 56 = -q, -2*q = -4*k - 5*q + c. Let t(u) = 37*u - 5 + u**2 - 70*u + k*u. Give t(7).
-5
Let p(y) be the third derivative of 3*y**4/8 - 4*y**3/3 + 11550*y**2. What is p(0)?
-8
Let l(x) = -x - 2. Let q = 90 - -23. Let o = 102 - q. Let d be o/(165/(-10))*-3. What is l(d)?
0
Let v(d) = 20*d + 599. Let c be v(-30). Let q = 19 - 16. Let r(l) = 4*l - 4 + q - 5*l - l. Determine r(c).
1
Let p = 4944 - 4941. Let a(m) be the second derivative of m**5/20 - 5*m**4/12 + m**3/3 - m**2/2 - m. Give a(p).
-13
Suppose 12 = -3*m, 2*y - 1 = -5*m - 17. Let d = 806 + -691. Let x(n) = 1 + 58*n**2 + n - 4*n + 0*n + 59*n**2 - d*n**2. Give x(y).
3
Suppose -5*x = -5*i - 28 + 3, 0 = -4*i - 8. Let m(c) = 148*c**2 - c - x*c - 149*c**2 - 5. Determine m(-4).
-5
Let z(y) be the second derivative of 1/6*y**3 + 1 + 9/2*y**2 + 76*y. Calculate z(-5).
4
Let s be -71 + 58 + 1 + 7. Let h(f) = f**3 + 4*f**2 - 12*f - 23. Determine h(s).
12
Let m(q) be the first derivative of q**4/4 + q**2/2 + 11*q + 150. Let p = 26 + -24. Suppose p*a + 8 = c - 2*a, 4*a + 8 = 2*c. Determine m(c).
11
Let u(x) = 2*x + 24. Suppose -3*d - 15 = -7*d - 3*j, 4*j = 5*d - 11. Let v be d*(-10 - -8) - (-1 + 6). What is u(v)?
2
Let o(u) = -6 - 7*u + 4*u - 6*u + 8*u. Let h = 313 - 320. Give o(h).
1
Let r(d) = 2*d**2 + d. Let n be r(0). Suppose -4*h + 9 + 11 = n. Suppose 5*b = p - 0*b - 12, 3*p = h*b + 6. Let q(w) = -w - 1. Calculate q(p).
2
Let q(s) = -2*s**2 - 58*s - 165. Let d be q(-25). Let a(t) = t - 45. What is a(d)?
-10
Let y(q) = -6*q**2 - 13*q**3 + 8345*q - 16681*q + 14*q**3 + 8341*q + 2. Suppose -6 = -5*k + 4. Suppose 2*c + k*c = -i + 21, 4*c - 22 = -2*i. What is y(c)?
2
Let a(t) = 8*t**2 - 333*t - 106. Let j be a(42). Let l(z) = 5*z**2 - 98*z - 40. Determine l(j).
0
Suppose 9*j = 19*j - 110. Let i(d) = -49*d + 4 + 39*d + j*d. Calculate i(-5).
-1
Let k(s) be the second derivative of s**5/120 + 7*s**4/6 + 7*s**3/2 - 2*s + 70. Let d(o) be the second derivative of k(o). Give d(0).
28
Let w(z) be the second derivative of z**4/2 + z**3/2 - 2*z**2 + 378*z. What is w(-2)?
14
Let c = 247 - 246. Let q be (23 - 19)/(4/3). Let s(k) = -1 - 1 + q + 0 - k**2. Determine s(c).
0
Let v(u) = -566*u + 1144*u + 7*u**2 + 9*u**2 - 4 - 579*u. Give v(2).
58
Suppose -16*x + 176 = 27*x - 340. Let i(n) = n**2 + 4*n - 200. Give i(x).
-8
Let g(i) = -16834 - 8*i + 4*i**2 + 8431 + 8396. Give g(5).
53
Let j(n) = -13*n**3 + 42*n**2 - 165*n - 28. Let r(s) = -7*s**3 + 21*s**2 - 90*s - 14. Let u(h) = -6*j(h) + 11*r(h). Give u(21).
14
Let a be 8/2 + 16/(6 - 14). Let x(n) = 208*n**a - 204*n**2 + 2 - 3*n + n + n**3. What is x(-4)?
10
Let j = 4058 + -4058. Let k(b) = b**2 - 14*b + 4. What is k(j)?
4
Suppose -13*g = -9*g + 4. Let s(x) = -x + 1. Let m(u) = -u - 7*u + 9*u. Let i(n) = 4*m(n) + s(n). Give i(g).
-2
Let u(g) = g**3 + 5*g**2 + 2*g - 2. Let t(z) = z**2 + 23*z - 31. Let y be t(-25). Let b(s) = -23*s - 4 + 23*s + y*s**2 - s**3. Let j be b(19). Determine u(j).
6
Let r = 13917 - 13912. Let c(p) = -p**2 - 6*p + 13. Calculate c(r).
-42
Let a(d) = -3*d - 3. Suppose 5*r + f - 41 = 5*f, 2*f = 4*r - 28. Suppose 2*x = r*n - 27, 4 = n + 1. Give a(x).
15
Let l(x) = x**2 - 1. Let b = -52 - -52. Suppose 4*g = -3*y - b*y + 6, -5*g = -2*y + 4. Suppose -y*c + 6 = 4. Determine l(c).
0
Let t(f) = -7*f**2 - 11*f + 3. Let n(w) = -20*w**2 - 32*w + 11. Let z(a) = -6*n(a) + 17*t(a). Let v(d) = d**3 + 3*d**2 - 17*d - 1. Let b be v(-6). What is z(b)?
-1
Suppose 4*a - a = 2*a. Suppose 3*v - 50 - 16 = a. Let k(o) = v + 4*o - 12 - 10. What is k(3)?
12
Suppose -3126*q + 3196*q - 980 = 0. Let l(s) = 10*s - 138. Calculate l(q).
2
Let c(t) = -14*t + 8. Let o be 7 + (-7 - (-2 - 3) - -1) + -5. Calculate c(o).
-6
Let n(d) = -d**2 + 21*d + 110. Let g(c) = 28*c**2 + 6*c + 3. Let l be g(-1). Let s be n(l). Let f(u) = 2*u**2 - 19*u - 14. Give f(s).
-4
Let r(i) be the first derivative of -i**3/3 + 3*i**2 + i + 2967. Determine r(4).
9
Let w(m) = m**2 + 109*m - 5780. Let i be w(-148). Let u(d) = -d**2 - 37*d - 238. Give u(i).
-6
Let h = 3052 + -3042. Let c(p) = -p**2 + 5*p + 59. What is c(h)?
9
Let f be 5/2*(-2 - 0). Let z(w) be the second derivative of -43*w + 5/6*w**3 - 1/20*w**5 + 0 - 1/3*w**4 - w**2. Calculate z(f).
-2
Suppose 5*d + 15 = 4*s, 62*s = 66*s - 20. Let v(q) be the third derivative of -11*q**5/60 + q**4/24 - 3*q**2. What is v(d)?
-10
Let l = -258 + 260. Let d(t) = 0 + 373*t + 0 + 2 - 374*t - t**3 - 5*t**2 + l*t**3. Calculate d(5).
-3
Let y(c) = 12*c**2 + 28*c - 35. Let h(a) = -7*a**2 - 14*a + 17. Let u(t) = 5*h(t) + 3*y(t). Determine u(-15).
-5
Let b be 2 - (1 + -5 - (-15)/15). Suppose -3*a + 8 = a, 4*u = b*a - 6. Let k(c) = c**3. Determine k(u).
1
Let t(s) = s**3 - 7*s**2 - 31*s + 191. Suppose -33*a + 45 + 186 = -33. What is t(a)?
7
Let d be 11/4 + 1 + 35/(-20). Let a(m) = -d - 1 + 26*m - 17*m - 12*m. Determine a(-5).
12
Let d(b) = 2*b**2 + 17*b + 9. Suppose 0 = -15*t + 17*t - 3*l + 4, -2*l - 8 = 0. Determine d(t).
1
Let z(a) = -3*a**3 - a**2 + 8*a - 6. Suppose 2*t - 1 = -3*g, 31 - 27 = -t. What is z(g)?
-72
Let b(u) = -u + 14. Let q be b(12). Let m(p) = -6*p - 38 - 6*p**q + 4